(k) be the third derivative of -k**5/60 - 7*k**4/24 - k**3/3 + 5*k**2. Give i(-6).
4
Let w(v) = -2 - 2*v**2 + v**2 + 4*v - 12*v. Determine w(-6).
10
Let d(y) be the first derivative of -y**3/3 + 3*y - 3. Suppose -4*n + 12 = 24. Give d(n).
-6
Let g(h) be the third derivative of h**5/60 - 5*h**4/24 + 5*h**3/6 - 14*h**2. Determine g(5).
5
Let h(q) = -7*q + 3. Let w(j) = -14*j + 6. Let f(n) = -13*h(n) + 6*w(n). Determine f(3).
18
Let m = -34 + 30. Let z(g) = -g**2 + 2*g. Calculate z(m).
-24
Let q = -3 + -1. Let n(c) = 27*c - 13*c + 2*c**2 - 9*c. Determine n(q).
12
Let j(p) = -2*p + 3 - 9 + 4. Let z be ((-1 + 0)*-3)/(-1). Calculate j(z).
4
Let n = 7/12 + -1/4. Let a(m) be the second derivative of -m**2 - n*m**3 + 0 - 1/12*m**4 + 2*m. What is a(-2)?
-2
Let o(a) = -a**2 + 2*a**2 - 4*a - 5 - 2*a**2. Let k be o(-4). Let w = k + 1. Let t(z) = z**2 + 5*z + 1. Determine t(w).
-3
Let v(f) = f**3 - f**2 - 1. Let s(p) = 5*p**3 + 2*p**2 - p + 3. Let j(w) = -s(w) - 2*v(w). Let l = 1 + 0. Give j(l).
-7
Let i(g) = g**2 + 8*g + 3. Let c be (-5)/(0 + -1)*-1. What is i(c)?
-12
Let m = 16 + -15. Let p(u) = 11*u - u**2 - 6*u - 6*u + m - 8*u**3. Calculate p(1).
-9
Let p be (-2)/1*1/(3/(-6)). Let n(u) = -u**2 - 2*u. Let y(o) = 2*o**2 + 5*o - 1. Let q(d) = -5*n(d) - 2*y(d). Calculate q(p).
18
Let g(n) = -n**2 + 3*n - 4. Let a(r) = r**2 + 3. Suppose -4*k + 8*k = 12. Suppose k*v + 15 = 4*t, 6*v - v = 3*t - 25. Let q be a(t). Give g(q).
-4
Let s(n) be the second derivative of n**3/2 + 3*n**2/2 + 4*n. Let x(z) = z**2 + 4*z - 2. Let k be x(-5). Determine s(k).
12
Let m = -9 - -12. Suppose f + f - 2*y = 2, -2*y - 1 = -m*f. Let r(n) = -n**2 - n. Calculate r(f).
0
Let k(b) = 6*b**3 + 2*b**3 + b**3 + b**2 - 3*b**3. Let d = -3 + 4. Calculate k(d).
7
Let d(w) = 5*w**3 - 6*w - 1. Suppose -u = -1, -17 = -4*n + u - 2*u. Let j(z) = 6*z**3 - z**2 - 6*z - 1. Let c(q) = n*j(q) - 5*d(q). Calculate c(-5).
-4
Let y be 3 - (16/56 + (-60)/14). Let l(d) = -d**2 + 7*d + 4. Give l(y).
4
Let y be 19/(-5) + (-1)/5. Let p(b) = -b**2 - 4*b - 2. Let u be p(y). Let f(k) = -k**2 - 9*k + 1. Let l(o) = o. Let d(q) = f(q) + 5*l(q). Give d(u).
5
Let b(f) = 4*f - 20. Let m be b(6). Let z(k) = -k**2 + 7*k. Calculate z(m).
12
Let x(m) = 6*m**3 - 14*m**2 + 6. Let g(k) = -5*k**3 + 13*k**2 - 6. Let j(w) = -7*g(w) - 6*x(w). What is j(-7)?
6
Let f(t) be the third derivative of -t**5/60 + t**4/12 - t**3/6 + 6*t**2. Give f(3).
-4
Let p(j) = -j + 10 - 1 - 5 + 3. Determine p(5).
2
Let p be ((1 - 1) + 1)*0/(-7). Let y(q) = q**3 + q**2 + 1. Determine y(p).
1
Let f(j) = -2*j**2 + 9*j - 7. Let x(g) = -g**2 + g - 1. Let z(i) = f(i) - 3*x(i). Let h(b) = -b - 6. Let r be h(0). Give z(r).
-4
Let g(h) = -h - 3. Let m be g(-6). Let v = m + -1. Let t(i) = -2*i**2 + 1. Determine t(v).
-7
Let a(f) = -f - 1. Let u be 2 - 3/((-9)/12). Let p be -9*((-4)/u + 0). Determine a(p).
-7
Let h(r) = -r**3 - 3*r**2 - 3. Let a = -30 - -26. Give h(a).
13
Let y(z) be the first derivative of -2 + 1/4*z**4 - z**2 + 6*z - 4/3*z**3. Determine y(4).
-2
Let u(q) = 1. Let s be 44/12 + 6/(-9). Let i(w) = -w**2 - 3*w + 8. Let c(b) = s*u(b) - i(b). Calculate c(-5).
5
Suppose 2 = -h - 2*g - 0, 3*h - 12 = 3*g. Let n(i) be the third derivative of 1/10*i**5 - 7/24*i**4 + 0 - 1/120*i**6 + 1/2*i**3 + i**h + 0*i. Give n(5).
-7
Let z(p) be the second derivative of p**4/3 - p**2/2 - 7*p + 2. Determine z(1).
3
Let l(m) = 5*m**3 - 2*m**2 + 1. Let n be (1 + -1)/(14/7). Suppose -2*q = -n*q - 6. Suppose 11 = -2*g + q*j, -5*g + j = -8*g. Determine l(g).
-6
Let m(q) be the second derivative of q + 7/2*q**2 + 1/3*q**4 - 1/20*q**5 + 0 + q**3. Determine m(5).
12
Let l(y) = -10*y + 0*y**2 + 18*y + y**2 - 3 + 2. Let o be l(-7). Let a be (-4)/12 - o/6. Let j(n) = 7*n**2 - n. Give j(a).
6
Let q(k) = 5*k**2 + 2*k + 7. Let a(g) = -9*g**2 - 4*g - 13. Let l(z) = -6*a(z) - 11*q(z). What is l(-2)?
-7
Let c(r) = 3*r + 10. Let q be c(-4). Let l(o) = -2*o**3 - o**2 + 3*o + 2. Give l(q).
8
Let j(d) = -4*d - 5 + d**3 - 11*d**2 + 9*d**2 + 5*d**2. Calculate j(-4).
-5
Let y be (-4 + 1 + 1)*-3. Let h be (2 - 0) + (y - 10). Let m(s) = -s**3 + s**2. Give m(h).
12
Let f(w) = w**2 + 5*w - 6. Let u be (-40)/12*(1 + 2/4). Calculate f(u).
-6
Let a(h) = 6*h + 4. Let o(v) = 5*v + 3. Let s = 14 - 20. Let j(k) = s*a(k) + 7*o(k). Calculate j(4).
-7
Let c(h) = 2*h**3 + 9*h**2 + 4*h + 1. Let a be c(-4). Let g(z) = -6*z**2. Give g(a).
-6
Let u(l) = 4*l + 3 + l + 7*l - 2. Calculate u(-1).
-11
Suppose -3*n = -2*n. Let f(p) = -p**2 - p - 10. What is f(n)?
-10
Suppose -7*r - 21 = -4*r. Let b(u) = u + 2. Give b(r).
-5
Let q be (0 - -1) + (-3 - 7 - -6). Let i(k) = k + 3. Determine i(q).
0
Let l = 10 + -1. Let n be 3/l*1*9. Let j(s) = s**2 + s - 2. Give j(n).
10
Let l(k) = -1. Let v(y) = -2*y + 1. Let i(a) = 4*l(a) - v(a). Determine i(6).
7
Let h(y) = 3*y**2 - 3*y - 5. Let a(x) = 8*x**2 - 10*x - 15. Let o(r) = 4*a(r) - 11*h(r). Determine o(-4).
7
Let b(a) = -2*a - 1. Let x(t) = -4*t - 1. Let p(u) = -5*b(u) + 3*x(u). Give p(-4).
10
Let m(z) = z + 1. Let j(w) = -11*w - 3. Let u(h) = -j(h) - 2*m(h). Determine u(-1).
-8
Let l(y) be the first derivative of -y + 1/2*y**2 - 1. What is l(1)?
0
Suppose 29*f - 28*f = 0. Let h(i) = 4*i - 7. Let c(s) = 3*s - 6. Let g(n) = -3*c(n) + 2*h(n). Calculate g(f).
4
Let b(d) = 3*d + d**3 + 6 - d**2 + 5*d**2 - 4. Let z be b(-3). Let v(n) = -1 - z*n**2 + 3*n**2 + n**2 - n. What is v(2)?
5
Let z(m) = m + 2. Suppose 9 = 6*s - 9. Let r(f) = f**3 - f**2 - 6*f + 3. Let i be r(s). Determine z(i).
5
Let k = 1 - 0. Let x(g) = g**2 - 6*g - 2. Suppose -17 + 5 = -2*i. Let m(o) = o. Let j(a) = i*m(a) + k*x(a). Determine j(0).
-2
Suppose -2*o - 9 = 5. Let u(h) = 4 + 3 - 8*h - 6 - h**2. Determine u(o).
8
Suppose 4*b - 2*b = 2. Let g(c) = 4*c**2 + 5*c**3 + c**3 - 7*c**3 + b + 2 + 5*c. Let f = -10 - -15. Calculate g(f).
3
Let r(f) = -f**3 + 3*f**2 - f - 1. Suppose -3*g + 0*g = -285. Suppose 0 = -4*v - v + g. Let j be v/7 - 4/(-14). Calculate r(j).
-4
Let p(l) = -l + 2. Let u be p(0). Let n = -1 + u. Let m(b) = b**2. Give m(n).
1
Let x(z) be the third derivative of -z**4/24 - z**3/6 + 9*z**2. Determine x(-2).
1
Let j(h) = -10*h**3 + 2*h**2 + h. Let g be (-12)/(-28) - (-40)/(-28). Determine j(g).
11
Let k(q) = 0*q**2 - 3*q + 0*q - q**2 + 3*q**2. Determine k(2).
2
Let v(l) = -3*l. Let o be v(-5). Suppose 4*h + h - o = 0. Suppose -2*g + h*g = 5. Let b(n) = -n**2 + 3*n + 3. Determine b(g).
-7
Let a(i) be the second derivative of -i**3/3 + 8*i. Let m be 2 + -2*(0 + -1). What is a(m)?
-8
Let t = 36 + -26. Suppose 6 - t = 2*m. Let b(l) = 3*l. Calculate b(m).
-6
Let g(w) be the second derivative of 1/2*w**2 + 0 - 2*w + 7/20*w**5 + 1/3*w**3 + 1/12*w**4. What is g(-1)?
-7
Let y(a) = -5*a + 2. Let z = 28 + -21. Let s be (4/z)/((-4)/(-14)). Determine y(s).
-8
Let k(s) = s**3 + 3*s**2 - 5*s - 4. Let a(v) = -v**2 + 10*v + 9. Let d be a(10). Let l = 5 - d. Calculate k(l).
0
Let n(o) = -o. Suppose r + t = -2, -r - 18 = r - 5*t. Give n(r).
4
Suppose 2*u = -0*u + 4. Let z(i) = -19 + 0*i + 20 + 0*i + u*i. Calculate z(-4).
-7
Suppose 4*b = 3*b - 4*a, 0 = -4*b + 5*a. Let n(x) = -10*x**3 + 0*x**3 - 4 - 6*x + 3*x**3. Let f(h) = -h**3 - h + 1. Let v(z) = 6*f(z) - n(z). Determine v(b).
10
Suppose -12 = -3*q + 5*q. Let t(w) = -10*w**3 - 11*w**2 + 4*w - 4. Let y(o) = 3*o**3 + 4*o**2 - o + 1. Let g(z) = -2*t(z) - 7*y(z). What is g(q)?
7
Suppose 5*s - 3*d = -2*d - 6, 3*s - 1 = -4*d. Let y(l) = 2*l - 3*l + 4*l**2 - 7*l**2 + 7*l**2. Calculate y(s).
5
Suppose 2 = -0*r + 2*r. Let i(k) = 7*k - 2. Let d(b) = 15*b - 5. Let t(y) = 3*d(y) - 7*i(y). Determine t(r).
-5
Let t(h) = -4*h - 9*h**2 + 5*h**2 + 3*h**2 - 1 + 0*h**2. Suppose -f - 4*f + 25 = -4*g, -16 = 4*g + 4*f. Give t(g).
-6
Suppose 2*c = 4*a - 24, -a - a + 14 = -2*c. Let i(w) = -1 - 30*w**2 + w**3 + 5*w + 34*w**2 - 4*w. What is i(c)?
5
Let x be 0*((3 - 1) + -3). Let f(c) = x*c**2 + 2 + 3*c**3 - 2*c**3 - c**2 - 1 + c. Determine f(0).
1
Let w(y) = 3*y + 1. Suppose -13 = -2*d + 3*j, -2*d = -0*d - 4*j - 16. Let a = d + -1. What is w(a)?
4
Let l(a) = -a**3 + 3*a**2 - a. Let x(s) = -2*s**3 + 5*s**2 - 2*s + 1. Let i(k) = -5*l(k) + 2*x(k). Let h be 62/8 - (-1)/4. Suppose 2*w = -0*w + h. What is i(w)?
-10
Suppose -z + 1 = -3. Suppose -2*c + z*c + 3*k = 16, -5*c - k = -27. Let l(t) = 7 +